 p(y) = -6*y**2 + 3*y - 5. Let l(s) = -p(s) + 5*v(s). Suppose c + 1 + 8 = b, 0 = 2*b + 4*c + 12. Calculate l(b).
9
Let s(g) = g**2 - 6*g + 2. Let z be 26/(-10) + 2/(-5). Let k(v) be the second derivative of -v**5/20 - v**4/3 - v**3/2 + 2*v**2 - 2*v. Let u be k(z). Give s(u).
-6
Let n be -1 - (13 - 1)/3. Suppose 3*b - 3 = p, 0 = b - 3*p - 2 + 9. Let z(v) = 7 - v**3 - 5*v**b - 4*v + 4*v. Give z(n).
7
Let v(s) = -s. Let w be v(-1). Let j(x) = x - 1. Let z(c) = -2*c**2 + 4*c - 3. Let y(g) = 2*j(g) - z(g). Determine y(w).
1
Suppose 4*z + 16 = 4. Let u(s) = s + 3. Let y be u(z). Let m(i) = 5 - 3*i**2 + 554*i - 277*i + 2*i**2 - 278*i. Determine m(y).
5
Let u(o) be the first derivative of -o**4/4 + 4*o**3/3 + 5*o + 26. Give u(4).
5
Let r(j) be the second derivative of -j**6/360 - j**5/120 - j**4/3 + 9*j. Let x(i) be the third derivative of r(i). Give x(2).
-5
Let n(g) = -g**2 + 7*g - 7. Let m(c) = c**2 - 1 - 7 + 1 - 2 + 5*c. Let r be m(-7). Give n(r).
3
Let d be 3 + (-2)/2*1. Let f(x) = -x**3 + 5*x**2 - 3*x + 3. Give f(d).
9
Let j be ((-10)/6)/(-1)*-3. Let c(q) be the third derivative of q**4/24 + q**3 + 10*q**2 + 2. Give c(j).
1
Let o = 36 + -32. Let v(a) = -a**3 + 5*a**2 - 6*a + 3. Give v(o).
-5
Let c(r) = r**2 - 4*r - 8. Let d be 2 + (-60)/27 - 780/(-108). Determine c(d).
13
Let t(w) = w - 3. Let k = 4 - -29. Let q(f) = -6*f + 16. Let x(j) = k*t(j) + 6*q(j). Give x(-3).
6
Let l(u) = -3*u**2 - u**2 + 4*u - 5 + 3*u**2. Calculate l(4).
-5
Let j(w) = -w**3 + 5*w**2 + 7*w - 2. Suppose -18 = 5*f - 288. Let l be 8/6*f/12. Determine j(l).
4
Let v(c) = -c**3 + 5*c**2 - 3*c + 1. Let w = 1 - 13. Let h = w + 16. Give v(h).
5
Let r(t) be the third derivative of t**5/60 - t**4/24 - t**3/6 - 2*t**2. Suppose -3*n = 7 - 19. Suppose 4*p = 2*u + 14, 4*p - n = 5*u + 13. What is r(u)?
1
Let k(l) be the first derivative of -l**2/2 - l + 15. Determine k(-5).
4
Let a(g) = -g**2 - 6*g - 4. Let q be a(-5). Suppose 0 = w + 1 + q. Let l(c) = -3*c - 1. Give l(w).
5
Let a(j) = -j**2 - 5*j + 4. Let i(d) = -d**2 - d + 1. Let y(h) = a(h) - 5*i(h). Give y(-1).
3
Let i(l) be the third derivative of -l**4/24 - l**3/3 - 7*l**2. Calculate i(3).
-5
Let s(k) = 6*k - 4. Let q(f) = 7*f - 3. Let a(g) = -5*q(g) + 6*s(g). What is a(4)?
-5
Let z = -13 - -8. Let a(f) = -f + 16. Let r be a(11). Let h(v) = 4 - 5*v - r + 4*v. Give h(z).
4
Let k(f) = -f**3 + f**2 + f + 1. Let r(h) = 4 + 6*h**3 + h - h - 3*h**2 - 6*h - 8. Let c = -3 + 4. Let g(m) = c*r(m) + 5*k(m). Determine g(-3).
-5
Let l(o) = -3*o + 6. Let n(m) = 0*m + 2*m + 0*m + 3*m. Let x be n(1). What is l(x)?
-9
Let w(v) = 7*v**3 + 2*v**2 - v - 5. Let f be 3 + 6/(4/2). Let u(s) = -s**3 + 1. Let n(m) = f*u(m) + w(m). What is n(-2)?
3
Let k(b) = -b**3 + 3*b**2 + 3*b + 2. Let n be 5 - (0 + 4) - -3. Determine k(n).
-2
Let f(g) = -3*g**2 + g - 1. Suppose -h + 2 = h. Let x be (-20)/(-5) + (-2 - h). Determine f(x).
-3
Let k = -1 - -1. Let q(m) = 14*m - 1. Let o(c) = 5*c. Let j(b) = -11*o(b) + 4*q(b). Determine j(k).
-4
Let s(z) = -z**3 + 3*z**2 - 2*z + 2. Let t(d) = -2*d - 20. Let b be t(-10). Suppose 3*f + 9 = -4*y + y, f - 4*y - 22 = b. Calculate s(f).
2
Let p(l) = -l**3 + 3*l**2 + 5*l - 4. Let m be p(4). Let n = 7 - 5. Let x(u) = 0 + u - n - 3 + 3. Calculate x(m).
-2
Let y(m) = -m**3 + 4*m**2 + m - 8. Let j be y(4). Let u(c) = 0*c - 8*c**2 + 3*c**2 - c**3 - 5*c + 2. Calculate u(j).
6
Let g(n) = 4*n**2 - 2*n. Let q(y) = 3*y**2 - y. Suppose 12 = -2*i - 2*i. Let t(c) = i*q(c) + 2*g(c). What is t(-2)?
-2
Let c(m) be the first derivative of -m**2 + 4*m - 7. Calculate c(6).
-8
Let d(q) = q**3 - 9*q**2 + 9*q + 5. Let n be d(8). Let z = 16 - n. Let h(o) = -3*o - 2. Give h(z).
-11
Let d(r) = -2*r + 3. Let c(k) = -2*k + 3. Let t(x) = 6*c(x) - 5*d(x). Let g be (-20)/(-6) + (-2)/6. Determine t(g).
-3
Let k(w) = -3*w - 6. Let z = 29 + -19. Suppose 5*c - z = -0*c. Suppose -u = -5*l + u - 26, c*l = -u - 5. What is k(l)?
6
Let a(q) = -3*q**2 - 4*q - 3. Let g(x) = -2*x - 3*x**2 - 2*x - 3 + 0*x. Let z(i) = 3*a(i) - 4*g(i). Calculate z(-2).
7
Let k(o) = -o**2 + 7*o - 1. Let v = 2 - 0. Let p be v/((-1)/3*-1). Give k(p).
5
Let p(i) = -i**2 + i + 4. Suppose 13*z = 11*z + 54. Let j = z - 22. Determine p(j).
-16
Let y be 1/4 - (-14)/8. Suppose g - 11 = -2*o, -3*g + 10 + y = -o. Let t(d) = -d**3 + 5*d**2 + 2. Determine t(g).
2
Let x be 12/(-3) - -3 - -1. Let t(b) be the second derivative of -1/20*b**5 + 2*b + x + b**2 + 5/6*b**3 - 1/6*b**4. Determine t(-3).
-4
Suppose -1 = -j - 3. Let l(v) = -v**2 + v + 2. Give l(j).
-4
Let r be 2/(-8) - (-2601)/68. Let w be (0 + 2)/(19/r). Let y(t) = -t**3 + 3*t**2 + 3*t + 4. Calculate y(w).
0
Let t(o) = -3 - o**3 + 7*o**2 + 2*o**3 + 649*o - 643*o. Give t(-6).
-3
Let n(t) = t. Let b be 26/4 + (-10)/20. Let a be 84/b*1/2. Calculate n(a).
7
Suppose -4*r + 5*z = -58, -z = -0*z + 2. Let o be r/(-10)*(-20)/6. Let s(l) = -l**2 + 4*l + 5. Give s(o).
5
Let q(l) = -2*l - 1. Suppose -16 = -5*r - 2*a + 17, r + 2*a - 13 = 0. Let x(n) = -2*n - n + r*n - n. Let j(m) = -q(m) - x(m). What is j(1)?
2
Suppose -6 - 6 = -3*w. Let m(v) be the second derivative of -v**3 + 4*v + 0 + 1/20*v**5 - 1/4*v**4 + 3*v**2. What is m(w)?
-2
Let l(y) = -y**2 + y - 7. Suppose 0*n = n. Determine l(n).
-7
Let i be (-1)/(-3*2/(-66)). Let c = i + 15. Let h(m) = m**2 - 4*m. Calculate h(c).
0
Let c(y) = y - 2. Let o(r) = r**3 + 12*r**2 + 9*r - 4. Let m be o(-11). Let f = -13 + m. Give c(f).
3
Let q(a) = a**2 - 7*a + 12. Let f be q(4). Let s(r) = -r**2 - r + 7. Give s(f).
7
Suppose 4*k - 2*f - 12 = 0, -5*k - 4*f + 21 = -4*k. Let i(n) = 3*n + 0*n + 2 + 4 + 2*n - n**2. What is i(k)?
6
Let g(c) = c**2 + 6*c + 3. Let l be g(-6). Let n(r) = -2*r**2 - r - r**3 - 2 + r**2 + l*r**2 - r**2. Let a(p) = -p + 2. Let b be a(0). Determine n(b).
-8
Suppose -7 = 3*z - 4. Let l(w) = -8*w**2 + w + 1. Give l(z).
-8
Let c(f) = f**3 + 7*f**2 + 5*f - 7. Let r = 3 - 9. Determine c(r).
-1
Let i be 1/2 + 30/12. Suppose i*s = 5*u - 34, -4*u = -0*s - s - 23. Let y(t) = -t**2 - 2*t - 1. What is y(s)?
-4
Let t = -39 + 56. Suppose -7*u - t = 11. Let q(b) = 3*b + 1 + 2 - 2*b. Calculate q(u).
-1
Let c(d) = d + 2. Let f be 2/(-3) - 280/12. Let r = f - -19. What is c(r)?
-3
Suppose 9*t - 4*t - 10 = 0. Let k(o) = -o**3 - 6*o**2 + 3*o**2 + t*o + o**2 - 2*o**2 + 4. Calculate k(-4).
-4
Let r(k) = 2*k**2 - 2*k - 7. Let p(g) be the second derivative of -g**4/4 + g**3/2 + 13*g**2/2 - 7*g. Let q(l) = 3*p(l) + 5*r(l). Give q(3).
10
Let j(r) = -11*r**2 - r + 1. Let f(l) = 2*l**3 - 4*l**2 + 3*l - 1. Let m be f(2). Suppose -2*t = m*p - 22, t + p - 5 = -0*t. Determine j(t).
-11
Let z(d) be the first derivative of -1/2*d**2 + 0*d - 1 + 1/2*d**3 - 1/24*d**4. Let i(q) be the second derivative of z(q). Give i(3).
0
Let o(l) = -2*l - 1. Let f(c) = c**2 - 3*c - 3. Let a = -2 + 0. Let t(u) = a*f(u) + 5*o(u). Calculate t(-3).
-5
Let c(b) be the third derivative of -b**4/8 + 2*b**3/3 + 7*b**2. Suppose 9 = 3*a, 2*j - a - 4*a = -9. Give c(j).
-5
Let r be 3 - 0/(1*-2). Suppose r*o = -o + 80. Suppose o = -0*u + 5*u. Let k(q) = -q**3 + 4*q**2 - 2*q + 1. Determine k(u).
-7
Let t(k) be the first derivative of k**2/2 + k - 2. Let d(y) = -12*y - 12. Let g(a) = -d(a) - 15*t(a). What is g(-2)?
3
Let b(s) = -s**3 + s**2 - s. Suppose 12 = -5*r + 3*r. Let q(o) = 7*o**3 - 3*o**2 + 4*o - 4. Let v(l) = r*b(l) - q(l). Let i = 20 - 23. What is v(i)?
-2
Let y be 2/(-2) + 1 + 3. Let i(r) = -y*r - r**2 + 5 - r**2 + r**2. Determine i(-4).
1
Let c(m) be the first derivative of 1/3*m**3 + 7/2*m**2 - 8 - 4*m. Calculate c(-7).
-4
Let c(j) be the third derivative of 1/24*j**4 + 3*j**2 + 7/6*j**3 + 0 + 0*j. Calculate c(-6).
1
Let g(j) be the second derivative of j**3/3 - j**2/2 + 22*j - 1. Give g(4).
7
Suppose -5*z + 4*p = 3*p - 30, -2*p = 0. Let t(u) be the first derivative of -u**2/2 - 8*u + 1. Give t(z).
-14
Suppose 9*k = 7*k - 4. Let t be k/(-11) + (-477)/(-99). Let s(z) be the third derivative of -z**4/24 + 7*z**3/6 - z**2. Calculate s(t).
2
Let v = 57 + -55. Let f(h) = -2*h + 1. What is f(v)?
-3
Let d(j) = -j**2 + j - 1. Let a = 20 + -22. Determine d(a).
-7
Let a = 15 - 10. Let n(u) be the third derivative of u**5/60 - u**4/6 - u**3/6 - 2*u**2. Give n(a).
4
Let p(r) = 4*r - 1. Suppose 3*g - 10 = -1. Suppose -4*y + 13 = -g. Let s be 1 + 0 - (-2 + y). 